{"id":53,"date":"2012-06-08T23:38:36","date_gmt":"2012-06-08T23:38:36","guid":{"rendered":"http:\/\/www.muzeum-niepodleglosci.home.pl\/pawiak\/?page_id=53"},"modified":"2012-06-21T21:27:17","modified_gmt":"2012-06-21T19:27:17","slug":"dzien-powszedni-na-pawiaku","status":"publish","type":"page","link":"http:\/\/archiwum.muzeum-niepodleglosci.pl\/pawiak\/ekspozycja\/dzien-powszedni-na-pawiaku\/","title":{"rendered":"Dzie\u0144 powszedni na Pawiaku"},"content":{"rendered":"<p style=\"text-align: justify;\">Szczeg\u00f3\u0142owo z przebiegiem dnia wi\u0119\u017ani\u00f3w na Pawiaku, mo\u017cna si\u0119 zapozna\u0107 w sali Pawiacki dzie\u0144 1939-1944. Przebieg wi\u0119ziennego dnia odtworzyli\u015bmy godzina po godzinie pos\u0142uguj\u0105c si\u0119 wspomnieniami d\u0142ugoletnich wi\u0119\u017ani\u00f3w funkcyjnych: Leona Wanata, pisarza w kancelarii na Pawiaku i lekarki w szpitalu na Serbii dr Anny Czuperskiej oraz za pomoc\u0105 zachowanych rysunk\u00f3w rejestruj\u0105cych sceny z \u017cycia powsta\u0142ych na Pawiaku wierszy, pami\u0119tnik\u00f3w, gryps\u00f3w, modlitw, kalendarzy, a tak\u017ce najr\u00f3\u017cniejszych drobnych przedmiot\u00f3w wykonanych w celach.<\/p>\n<p style=\"text-align: justify;\"><strong><!-- index.php -->\n<div\n\tclass=\"ngg-galleryoverview ngg-ajax-pagination-none\"\n\tid=\"ngg-gallery-fe546ad08632c425acbaeceaf6a92c64-1\">\n\n    \t<div class=\"slideshowlink\">\n        <a href='http:\/\/archiwum.muzeum-niepodleglosci.pl\/pawiak\/ekspozycja\/dzien-powszedni-na-pawiaku\/nggallery\/slideshow'>[Pokaz zdj\u0119\u0107]<\/a>\n\t\t\n\t<\/div>\n\t\t\t<!-- Thumbnails -->\n\t\t\t\t<div id=\"ngg-image-0\" class=\"ngg-gallery-thumbnail-box\" >\n\t\t\t\t        <div class=\"ngg-gallery-thumbnail\">\n            <a href=\"http:\/\/archiwum.muzeum-niepodleglosci.pl\/pawiak\/wp-content\/gallery\/saladrzewapawiackiego\/dsc5637.jpg\"\n               title=\"\"\n               data-src=\"http:\/\/archiwum.muzeum-niepodleglosci.pl\/pawiak\/wp-content\/gallery\/saladrzewapawiackiego\/dsc5637.jpg\"\n               data-thumbnail=\"http:\/\/archiwum.muzeum-niepodleglosci.pl\/pawiak\/wp-content\/gallery\/saladrzewapawiackiego\/thumbs\/thumbs_dsc5637.jpg\"\n               data-image-id=\"192\"\n               data-title=\"Kliknij aby powi\u0119kszy\u0107\"\n               data-description=\"\"\n               data-image-slug=\"kliknij-aby-powiekszyc-157\"\n               class=\"ngg-fancybox\" rel=\"fe546ad08632c425acbaeceaf6a92c64\">\n                <img\n                    title=\"Kliknij aby powi\u0119kszy\u0107\"\n                    alt=\"Kliknij aby powi\u0119kszy\u0107\"\n                    src=\"http:\/\/archiwum.muzeum-niepodleglosci.pl\/pawiak\/wp-content\/gallery\/saladrzewapawiackiego\/thumbs\/thumbs_dsc5637.jpg\"\n                    width=\"100\"\n                    height=\"75\"\n                    style=\"max-width:100%;\"\n                \/>\n            <\/a>\n        <\/div>\n\t\t\t\t\t\t\t<\/div> \n\t\t\t\n        \n\t\t\t\t<div id=\"ngg-image-1\" class=\"ngg-gallery-thumbnail-box\" >\n\t\t\t\t        <div class=\"ngg-gallery-thumbnail\">\n            <a href=\"http:\/\/archiwum.muzeum-niepodleglosci.pl\/pawiak\/wp-content\/gallery\/saladrzewapawiackiego\/dsc5640.jpg\"\n               title=\"\"\n               data-src=\"http:\/\/archiwum.muzeum-niepodleglosci.pl\/pawiak\/wp-content\/gallery\/saladrzewapawiackiego\/dsc5640.jpg\"\n               data-thumbnail=\"http:\/\/archiwum.muzeum-niepodleglosci.pl\/pawiak\/wp-content\/gallery\/saladrzewapawiackiego\/thumbs\/thumbs_dsc5640.jpg\"\n               data-image-id=\"193\"\n               data-title=\"Kliknij aby powi\u0119kszy\u0107\"\n               data-description=\"\"\n               data-image-slug=\"kliknij-aby-powiekszyc-158\"\n               class=\"ngg-fancybox\" rel=\"fe546ad08632c425acbaeceaf6a92c64\">\n                <img\n                    title=\"Kliknij aby powi\u0119kszy\u0107\"\n                    alt=\"Kliknij aby powi\u0119kszy\u0107\"\n                    src=\"http:\/\/archiwum.muzeum-niepodleglosci.pl\/pawiak\/wp-content\/gallery\/saladrzewapawiackiego\/thumbs\/thumbs_dsc5640.jpg\"\n                    width=\"100\"\n                    height=\"75\"\n                    style=\"max-width:100%;\"\n                \/>\n            <\/a>\n        <\/div>\n\t\t\t\t\t\t\t<\/div> \n\t\t\t\n        \n\t\t\t\t<div id=\"ngg-image-2\" class=\"ngg-gallery-thumbnail-box\" >\n\t\t\t\t        <div class=\"ngg-gallery-thumbnail\">\n            <a href=\"http:\/\/archiwum.muzeum-niepodleglosci.pl\/pawiak\/wp-content\/gallery\/saladrzewapawiackiego\/dsc5648.jpg\"\n               title=\"\"\n               data-src=\"http:\/\/archiwum.muzeum-niepodleglosci.pl\/pawiak\/wp-content\/gallery\/saladrzewapawiackiego\/dsc5648.jpg\"\n               data-thumbnail=\"http:\/\/archiwum.muzeum-niepodleglosci.pl\/pawiak\/wp-content\/gallery\/saladrzewapawiackiego\/thumbs\/thumbs_dsc5648.jpg\"\n               data-image-id=\"194\"\n               data-title=\"Kliknij aby powi\u0119kszy\u0107\"\n               data-description=\"\"\n               data-image-slug=\"kliknij-aby-powiekszyc-159\"\n               class=\"ngg-fancybox\" rel=\"fe546ad08632c425acbaeceaf6a92c64\">\n                <img\n                    title=\"Kliknij aby powi\u0119kszy\u0107\"\n                    alt=\"Kliknij aby powi\u0119kszy\u0107\"\n                    src=\"http:\/\/archiwum.muzeum-niepodleglosci.pl\/pawiak\/wp-content\/gallery\/saladrzewapawiackiego\/thumbs\/thumbs_dsc5648.jpg\"\n                    width=\"100\"\n                    height=\"75\"\n                    style=\"max-width:100%;\"\n                \/>\n            <\/a>\n        <\/div>\n\t\t\t\t\t\t\t<\/div> \n\t\t\t\n        \n\t\t\t\t<div id=\"ngg-image-3\" class=\"ngg-gallery-thumbnail-box\" >\n\t\t\t\t        <div class=\"ngg-gallery-thumbnail\">\n            <a href=\"http:\/\/archiwum.muzeum-niepodleglosci.pl\/pawiak\/wp-content\/gallery\/saladrzewapawiackiego\/dsc5659.jpg\"\n               title=\"\"\n               data-src=\"http:\/\/archiwum.muzeum-niepodleglosci.pl\/pawiak\/wp-content\/gallery\/saladrzewapawiackiego\/dsc5659.jpg\"\n               data-thumbnail=\"http:\/\/archiwum.muzeum-niepodleglosci.pl\/pawiak\/wp-content\/gallery\/saladrzewapawiackiego\/thumbs\/thumbs_dsc5659.jpg\"\n               data-image-id=\"195\"\n               data-title=\"Kliknij aby powi\u0119kszy\u0107\"\n               data-description=\"\"\n               data-image-slug=\"kliknij-aby-powiekszyc-160\"\n               class=\"ngg-fancybox\" rel=\"fe546ad08632c425acbaeceaf6a92c64\">\n                <img\n                    title=\"Kliknij aby powi\u0119kszy\u0107\"\n                    alt=\"Kliknij aby powi\u0119kszy\u0107\"\n                    src=\"http:\/\/archiwum.muzeum-niepodleglosci.pl\/pawiak\/wp-content\/gallery\/saladrzewapawiackiego\/thumbs\/thumbs_dsc5659.jpg\"\n                    width=\"100\"\n                    height=\"75\"\n                    style=\"max-width:100%;\"\n                \/>\n            <\/a>\n        <\/div>\n\t\t\t\t\t\t\t<\/div> \n\t\t\t\n        \n\t\t\t\t<div id=\"ngg-image-4\" class=\"ngg-gallery-thumbnail-box\" >\n\t\t\t\t        <div class=\"ngg-gallery-thumbnail\">\n            <a href=\"http:\/\/archiwum.muzeum-niepodleglosci.pl\/pawiak\/wp-content\/gallery\/saladrzewapawiackiego\/dsc5660.jpg\"\n               title=\"\"\n               data-src=\"http:\/\/archiwum.muzeum-niepodleglosci.pl\/pawiak\/wp-content\/gallery\/saladrzewapawiackiego\/dsc5660.jpg\"\n               data-thumbnail=\"http:\/\/archiwum.muzeum-niepodleglosci.pl\/pawiak\/wp-content\/gallery\/saladrzewapawiackiego\/thumbs\/thumbs_dsc5660.jpg\"\n               data-image-id=\"196\"\n               data-title=\"Kliknij aby powi\u0119kszy\u0107\"\n               data-description=\"\"\n               data-image-slug=\"kliknij-aby-powiekszyc-161\"\n               class=\"ngg-fancybox\" rel=\"fe546ad08632c425acbaeceaf6a92c64\">\n                <img\n                    title=\"Kliknij aby powi\u0119kszy\u0107\"\n                    alt=\"Kliknij aby powi\u0119kszy\u0107\"\n                    src=\"http:\/\/archiwum.muzeum-niepodleglosci.pl\/pawiak\/wp-content\/gallery\/saladrzewapawiackiego\/thumbs\/thumbs_dsc5660.jpg\"\n                    width=\"100\"\n                    height=\"75\"\n                    style=\"max-width:100%;\"\n                \/>\n            <\/a>\n        <\/div>\n\t\t\t\t\t\t\t<\/div> \n\t\t\t\n        \n\t\t\n\t\t<!-- Pagination -->\n\t<div class='ngg-clear'><\/div>\t<\/div>\n<\/strong><\/p>\n","protected":false},"excerpt":{"rendered":"<p>Szczeg\u00f3\u0142owo z przebiegiem dnia wi\u0119\u017ani\u00f3w na Pawiaku, mo\u017cna si\u0119 zapozna\u0107 w sali Pawiacki dzie\u0144 1939-1944. Przebieg wi\u0119ziennego dnia odtworzyli\u015bmy godzina po godzinie pos\u0142uguj\u0105c si\u0119 wspomnieniami d\u0142ugoletnich wi\u0119\u017ani\u00f3w funkcyjnych: Leona Wanata, pisarza w kancelarii na Pawiaku i lekarki w szpitalu na &hellip; <a href=\"http:\/\/archiwum.muzeum-niepodleglosci.pl\/pawiak\/ekspozycja\/dzien-powszedni-na-pawiaku\/\">Czytaj dalej <span class=\"meta-nav\">&rarr;<\/span><\/a><\/p>\n","protected":false},"author":1,"featured_media":0,"parent":42,"menu_order":5,"comment_status":"open","ping_status":"open","template":"","meta":{"ngg_post_thumbnail":0},"aioseo_notices":[],"_links":{"self":[{"href":"http:\/\/archiwum.muzeum-niepodleglosci.pl\/pawiak\/wp-json\/wp\/v2\/pages\/53"}],"collection":[{"href":"http:\/\/archiwum.muzeum-niepodleglosci.pl\/pawiak\/wp-json\/wp\/v2\/pages"}],"about":[{"href":"http:\/\/archiwum.muzeum-niepodleglosci.pl\/pawiak\/wp-json\/wp\/v2\/types\/page"}],"author":[{"embeddable":true,"href":"http:\/\/archiwum.muzeum-niepodleglosci.pl\/pawiak\/wp-json\/wp\/v2\/users\/1"}],"replies":[{"embeddable":true,"href":"http:\/\/archiwum.muzeum-niepodleglosci.pl\/pawiak\/wp-json\/wp\/v2\/comments?post=53"}],"version-history":[{"count":4,"href":"http:\/\/archiwum.muzeum-niepodleglosci.pl\/pawiak\/wp-json\/wp\/v2\/pages\/53\/revisions"}],"predecessor-version":[{"id":326,"href":"http:\/\/archiwum.muzeum-niepodleglosci.pl\/pawiak\/wp-json\/wp\/v2\/pages\/53\/revisions\/326"}],"up":[{"embeddable":true,"href":"http:\/\/archiwum.muzeum-niepodleglosci.pl\/pawiak\/wp-json\/wp\/v2\/pages\/42"}],"wp:attachment":[{"href":"http:\/\/archiwum.muzeum-niepodleglosci.pl\/pawiak\/wp-json\/wp\/v2\/media?parent=53"}],"curies":[{"name":"wp","href":"https:\/\/api.w.org\/{rel}","templated":true}]}}