{"id":22,"date":"2012-06-08T23:20:55","date_gmt":"2012-06-08T23:20:55","guid":{"rendered":"http:\/\/www.muzeum-niepodleglosci.home.pl\/pawiak\/?page_id=22"},"modified":"2012-06-21T21:05:34","modified_gmt":"2012-06-21T19:05:34","slug":"budowa-muzeum","status":"publish","type":"page","link":"http:\/\/archiwum.muzeum-niepodleglosci.pl\/pawiak\/o-muzeum\/historia-muzeum\/budowa-muzeum\/","title":{"rendered":"Budowa Muzeum"},"content":{"rendered":"<p style=\"text-align: justify;\">Budynek Mauzoleum \u2013 wed\u0142ug projektu in\u017c. arch. Mieczys\u0142awa Mo\u0142dawy pod kierunkiem generalnego projektanta prof. Romualda Gutta \u2013 zosta\u0142 wybudowany na ocala\u0142ych fundamentach i zachowanych fragmentach piwnic oddzia\u0142\u00f3w VII i VIII dawnego wi\u0119zienia. Wej\u015bcie do przyziemi zaplanowano na miejscu dawnego wej\u015bcia g\u0142\u00f3wnego do Pawiaka. Zachowano ocala\u0142e fragmenty \u015bcian dawnego wi\u0119zienia, kt\u00f3rych wysoko\u015b\u0107 w zrekonstruowanych celach dochodzi do 1,5 m. Podczas budowy wykorzystano te\u017c wi\u0119kszo\u015b\u0107 znalezionych w czasie odgruzowywania obiektu krat, zawias\u00f3w, sztab, zamk\u00f3w i oku\u0107. Na zrekonstruowanym dziedzi\u0144cu oznaczono za pomoc\u0105 marmurowych p\u0142yt punkty szczeg\u00f3lne: zej\u015bcie do kostnicy wi\u0119ziennej, miejsce wagi w\u0119glowej, na s\u0142upie kt\u00f3rej 6 grudnia 1943 r. publicznie powieszono trzech wi\u0119\u017ani\u00f3w za pr\u00f3b\u0119 ucieczki oraz miejsce, gdzie na ha\u0142dzie gor\u0105cego \u017cu\u017clu i popio\u0142u z piec\u00f3w centralnego ogrzewania oprawcy kazali czo\u0142ga\u0107 si\u0119 wi\u0119\u017aniom. W ostatnich latach powr\u00f3cono do pierwotnej koncepcji \u201ewype\u0142nienia\u201d dziedzi\u0144ca p\u0142ytami upami\u0119tniaj\u0105cymi poszczeg\u00f3lne obozy i organizacje. Obecnie znajduj\u0105 si\u0119 na \u201ezewn\u0119trznym\u201d dziedzi\u0144cu od strony ulicy Dzielnej.<\/p>\n<p style=\"text-align: justify;\">Prace przy budowie Muzeum Wi\u0119zienia Pawiak zosta\u0142y sfinansowane przez Spo\u0142eczny Fundusz Odbudowy Stolicy. Zanim dosz\u0142o do uroczystego otwarcia Muzeum Wi\u0119zienia Pawiak, 26 wrze\u015bnia 1964 r., w lokalu Centralnego O\u015brodka Doskonalenia Kadr Kierowniczych przy ul. Wawelskiej 56 otwarto pierwsz\u0105 wystaw\u0119 dotycz\u0105c\u0105 historii Pawiaka w latach 1939\u20131944, na kt\u00f3rej zaprezentowano ocala\u0142e z ruin wi\u0119zienia przedmioty, dokumenty oraz makiet\u0119 wi\u0119zienia i projekt przysz\u0142ego Muzeum.<\/p>\n<p style=\"text-align: justify;\"><strong><!-- index.php -->\n<div\n\tclass=\"ngg-galleryoverview ngg-ajax-pagination-none\"\n\tid=\"ngg-gallery-29e8e184a5b272d95f70e5b0833b2928-1\">\n\n    \t<div class=\"slideshowlink\">\n        <a href='http:\/\/archiwum.muzeum-niepodleglosci.pl\/pawiak\/o-muzeum\/historia-muzeum\/budowa-muzeum\/nggallery\/slideshow'>[Pokaz zdj\u0119\u0107]<\/a>\n\t\t\n\t<\/div>\n\t\t\t<!-- Thumbnails -->\n\t\t\t\t<div id=\"ngg-image-0\" class=\"ngg-gallery-thumbnail-box\" >\n\t\t\t\t        <div class=\"ngg-gallery-thumbnail\">\n            <a href=\"http:\/\/archiwum.muzeum-niepodleglosci.pl\/pawiak\/wp-content\/gallery\/budowamuzeum\/skan022.jpg\"\n               title=\"Odgruzowywanie terenu Pawiaka przez b. wi\u0119\u017ani\u00f3w i b. wi\u0119\u017aniarki Pawiaka, wrzesie\u0144 1961 r.\"\n               data-src=\"http:\/\/archiwum.muzeum-niepodleglosci.pl\/pawiak\/wp-content\/gallery\/budowamuzeum\/skan022.jpg\"\n               data-thumbnail=\"http:\/\/archiwum.muzeum-niepodleglosci.pl\/pawiak\/wp-content\/gallery\/budowamuzeum\/thumbs\/thumbs_skan022.jpg\"\n               data-image-id=\"11\"\n               data-title=\"Kliknij aby powi\u0119kszy\u0107\"\n               data-description=\"Odgruzowywanie terenu Pawiaka przez b. wi\u0119\u017ani\u00f3w i b. wi\u0119\u017aniarki Pawiaka, wrzesie\u0144 1961 r.\"\n               data-image-slug=\"kliknij-aby-powiekszyc-18\"\n               class=\"ngg-fancybox\" rel=\"29e8e184a5b272d95f70e5b0833b2928\">\n                <img\n                    title=\"Kliknij aby powi\u0119kszy\u0107\"\n                    alt=\"Kliknij aby powi\u0119kszy\u0107\"\n                    src=\"http:\/\/archiwum.muzeum-niepodleglosci.pl\/pawiak\/wp-content\/gallery\/budowamuzeum\/thumbs\/thumbs_skan022.jpg\"\n                    width=\"100\"\n                    height=\"75\"\n                    style=\"max-width:100%;\"\n                \/>\n            <\/a>\n        <\/div>\n\t\t\t\t\t\t\t<\/div> \n\t\t\t\n        \n\t\t\t\t<div id=\"ngg-image-1\" class=\"ngg-gallery-thumbnail-box\" >\n\t\t\t\t        <div class=\"ngg-gallery-thumbnail\">\n            <a href=\"http:\/\/archiwum.muzeum-niepodleglosci.pl\/pawiak\/wp-content\/gallery\/budowamuzeum\/skan023.jpg\"\n               title=\"\"\n               data-src=\"http:\/\/archiwum.muzeum-niepodleglosci.pl\/pawiak\/wp-content\/gallery\/budowamuzeum\/skan023.jpg\"\n               data-thumbnail=\"http:\/\/archiwum.muzeum-niepodleglosci.pl\/pawiak\/wp-content\/gallery\/budowamuzeum\/thumbs\/thumbs_skan023.jpg\"\n               data-image-id=\"12\"\n               data-title=\"Kliknij aby powi\u0119kszy\u0107\"\n               data-description=\"\"\n               data-image-slug=\"kliknij-aby-powiekszyc-19\"\n               class=\"ngg-fancybox\" rel=\"29e8e184a5b272d95f70e5b0833b2928\">\n                <img\n                    title=\"Kliknij aby powi\u0119kszy\u0107\"\n                    alt=\"Kliknij aby powi\u0119kszy\u0107\"\n                    src=\"http:\/\/archiwum.muzeum-niepodleglosci.pl\/pawiak\/wp-content\/gallery\/budowamuzeum\/thumbs\/thumbs_skan023.jpg\"\n                    width=\"100\"\n                    height=\"75\"\n                    style=\"max-width:100%;\"\n                \/>\n            <\/a>\n        <\/div>\n\t\t\t\t\t\t\t<\/div> \n\t\t\t\n        \n\t\t\t\t<div id=\"ngg-image-2\" class=\"ngg-gallery-thumbnail-box\" >\n\t\t\t\t        <div class=\"ngg-gallery-thumbnail\">\n            <a href=\"http:\/\/archiwum.muzeum-niepodleglosci.pl\/pawiak\/wp-content\/gallery\/budowamuzeum\/skan035.jpg\"\n               title=\"\"\n               data-src=\"http:\/\/archiwum.muzeum-niepodleglosci.pl\/pawiak\/wp-content\/gallery\/budowamuzeum\/skan035.jpg\"\n               data-thumbnail=\"http:\/\/archiwum.muzeum-niepodleglosci.pl\/pawiak\/wp-content\/gallery\/budowamuzeum\/thumbs\/thumbs_skan035.jpg\"\n               data-image-id=\"14\"\n               data-title=\"Kliknij aby powi\u0119kszy\u0107\"\n               data-description=\"\"\n               data-image-slug=\"kliknij-aby-powiekszyc-21\"\n               class=\"ngg-fancybox\" rel=\"29e8e184a5b272d95f70e5b0833b2928\">\n                <img\n                    title=\"Kliknij aby powi\u0119kszy\u0107\"\n                    alt=\"Kliknij aby powi\u0119kszy\u0107\"\n                    src=\"http:\/\/archiwum.muzeum-niepodleglosci.pl\/pawiak\/wp-content\/gallery\/budowamuzeum\/thumbs\/thumbs_skan035.jpg\"\n                    width=\"100\"\n                    height=\"75\"\n                    style=\"max-width:100%;\"\n                \/>\n            <\/a>\n        <\/div>\n\t\t\t\t\t\t\t<\/div> \n\t\t\t\n        \n\t\t\n\t\t<!-- Pagination -->\n\t<div class='ngg-clear'><\/div>\t<\/div>\n<\/strong><\/p>\n","protected":false},"excerpt":{"rendered":"<p>Budynek Mauzoleum \u2013 wed\u0142ug projektu in\u017c. arch. Mieczys\u0142awa Mo\u0142dawy pod kierunkiem generalnego projektanta prof. Romualda Gutta \u2013 zosta\u0142 wybudowany na ocala\u0142ych fundamentach i zachowanych fragmentach piwnic oddzia\u0142\u00f3w VII i VIII dawnego wi\u0119zienia. Wej\u015bcie do przyziemi zaplanowano na miejscu dawnego wej\u015bcia &hellip; <a href=\"http:\/\/archiwum.muzeum-niepodleglosci.pl\/pawiak\/o-muzeum\/historia-muzeum\/budowa-muzeum\/\">Czytaj dalej <span class=\"meta-nav\">&rarr;<\/span><\/a><\/p>\n","protected":false},"author":1,"featured_media":0,"parent":15,"menu_order":1,"comment_status":"open","ping_status":"open","template":"","meta":{"ngg_post_thumbnail":0},"aioseo_notices":[],"_links":{"self":[{"href":"http:\/\/archiwum.muzeum-niepodleglosci.pl\/pawiak\/wp-json\/wp\/v2\/pages\/22"}],"collection":[{"href":"http:\/\/archiwum.muzeum-niepodleglosci.pl\/pawiak\/wp-json\/wp\/v2\/pages"}],"about":[{"href":"http:\/\/archiwum.muzeum-niepodleglosci.pl\/pawiak\/wp-json\/wp\/v2\/types\/page"}],"author":[{"embeddable":true,"href":"http:\/\/archiwum.muzeum-niepodleglosci.pl\/pawiak\/wp-json\/wp\/v2\/users\/1"}],"replies":[{"embeddable":true,"href":"http:\/\/archiwum.muzeum-niepodleglosci.pl\/pawiak\/wp-json\/wp\/v2\/comments?post=22"}],"version-history":[{"count":4,"href":"http:\/\/archiwum.muzeum-niepodleglosci.pl\/pawiak\/wp-json\/wp\/v2\/pages\/22\/revisions"}],"predecessor-version":[{"id":305,"href":"http:\/\/archiwum.muzeum-niepodleglosci.pl\/pawiak\/wp-json\/wp\/v2\/pages\/22\/revisions\/305"}],"up":[{"embeddable":true,"href":"http:\/\/archiwum.muzeum-niepodleglosci.pl\/pawiak\/wp-json\/wp\/v2\/pages\/15"}],"wp:attachment":[{"href":"http:\/\/archiwum.muzeum-niepodleglosci.pl\/pawiak\/wp-json\/wp\/v2\/media?parent=22"}],"curies":[{"name":"wp","href":"https:\/\/api.w.org\/{rel}","templated":true}]}}