{"id":14,"date":"2012-06-08T23:11:10","date_gmt":"2012-06-08T23:11:10","guid":{"rendered":"http:\/\/www.muzeum-niepodleglosci.home.pl\/pawiak\/?page_id=14"},"modified":"2016-01-21T11:44:14","modified_gmt":"2016-01-21T09:44:14","slug":"o-muzeum","status":"publish","type":"page","link":"http:\/\/archiwum.muzeum-niepodleglosci.pl\/pawiak\/o-muzeum\/","title":{"rendered":"O Muzeum"},"content":{"rendered":"<ul>\n<li><a title=\"Historia Muzeum\" href=\"http:\/\/muzeum-niepodleglosci.home.pl\/pawiak\/o-muzeum\/historia-muzeum\/\" target=\"_blank\">Historia muzeum<\/a><\/li>\n<\/ul>\n<ul>\n<li><a title=\"Pomnik Drzewa Pawiackiego\" href=\"http:\/\/www.muzeum-niepodleglosci.home.pl\/pawiak\/o-muzeum\/pomnik-drzewa-pawiackiego\/\" target=\"_blank\">Pomnik Drzewa Pawiackiego<\/a><\/li>\n<\/ul>\n<ul>\n<li><a title=\"Klub by\u0142ych Wi\u0119\u017ani\u00f3w Politycznych Pawiaka\" href=\"http:\/\/www.muzeum-niepodleglosci.home.pl\/pawiak\/o-muzeum\/klub-bylych-wiezniow-politycznych-pawiaka\/\" target=\"_blank\">Klub by\u0142ych Wi\u0119\u017ani\u00f3w Politycznych Pawiaka<\/a><\/li>\n<\/ul>\n<p><strong>KONTAKT:<\/strong><\/p>\n<p align=\"left\">Muzeum Wi\u0119zienia Pawiak,Oddzia\u0142 Muzeum Niepodleg\u0142o\u015bci w Warszawie<\/p>\n<p align=\"left\">ul. Dzielna 24\/26<\/p>\n<p align=\"left\">00-162 Warszawa<\/p>\n<p align=\"left\">tel. (22) 831 92 89 (biuro i archiwum)<br \/>\ntel. (22) 831 13 17 (ekspozycja)<\/p>\n<p>e-mail: pawiak@muzeumniepodleglosci.art.pl<\/p>\n<p>Kierownik: Joanna Gierczy\u0144ska<\/p>\n","protected":false},"excerpt":{"rendered":"<p>Historia muzeum Pomnik Drzewa Pawiackiego Klub by\u0142ych Wi\u0119\u017ani\u00f3w Politycznych Pawiaka KONTAKT: Muzeum Wi\u0119zienia Pawiak,Oddzia\u0142 Muzeum Niepodleg\u0142o\u015bci w Warszawie ul. Dzielna 24\/26 00-162 Warszawa tel. (22) 831 92 89 (biuro i archiwum) tel. (22) 831 13 17 (ekspozycja) e-mail: pawiak@muzeumniepodleglosci.art.pl Kierownik: &hellip; <a href=\"http:\/\/archiwum.muzeum-niepodleglosci.pl\/pawiak\/o-muzeum\/\">Czytaj dalej <span class=\"meta-nav\">&rarr;<\/span><\/a><\/p>\n","protected":false},"author":1,"featured_media":0,"parent":0,"menu_order":0,"comment_status":"open","ping_status":"open","template":"","meta":{"ngg_post_thumbnail":0},"aioseo_notices":[],"_links":{"self":[{"href":"http:\/\/archiwum.muzeum-niepodleglosci.pl\/pawiak\/wp-json\/wp\/v2\/pages\/14"}],"collection":[{"href":"http:\/\/archiwum.muzeum-niepodleglosci.pl\/pawiak\/wp-json\/wp\/v2\/pages"}],"about":[{"href":"http:\/\/archiwum.muzeum-niepodleglosci.pl\/pawiak\/wp-json\/wp\/v2\/types\/page"}],"author":[{"embeddable":true,"href":"http:\/\/archiwum.muzeum-niepodleglosci.pl\/pawiak\/wp-json\/wp\/v2\/users\/1"}],"replies":[{"embeddable":true,"href":"http:\/\/archiwum.muzeum-niepodleglosci.pl\/pawiak\/wp-json\/wp\/v2\/comments?post=14"}],"version-history":[{"count":5,"href":"http:\/\/archiwum.muzeum-niepodleglosci.pl\/pawiak\/wp-json\/wp\/v2\/pages\/14\/revisions"}],"predecessor-version":[{"id":1626,"href":"http:\/\/archiwum.muzeum-niepodleglosci.pl\/pawiak\/wp-json\/wp\/v2\/pages\/14\/revisions\/1626"}],"wp:attachment":[{"href":"http:\/\/archiwum.muzeum-niepodleglosci.pl\/pawiak\/wp-json\/wp\/v2\/media?parent=14"}],"curies":[{"name":"wp","href":"https:\/\/api.w.org\/{rel}","templated":true}]}}