{"id":270,"date":"2012-11-21T22:45:22","date_gmt":"2012-11-21T21:45:22","guid":{"rendered":"http:\/\/muzeum-niepodleglosci.home.pl\/mauzoleum_szucha\/?page_id=270"},"modified":"2012-11-25T18:44:06","modified_gmt":"2012-11-25T17:44:06","slug":"rok-2007","status":"publish","type":"page","link":"http:\/\/archiwum.muzeum-niepodleglosci.pl\/mauzoleum_szucha\/wydarzenia\/rok-2007\/","title":{"rendered":"Otwarcie nowej ekspozycji multimedialnej 2007"},"content":{"rendered":"<p style=\"text-align: center;\"><strong>Otwarcie nowej ekspozycji multimedialnej 2007<\/strong><\/p>\n<p style=\"text-align: justify;\">Uroczysto\u015bci otwarcia nowej sta\u0142ej ekspozycji multimedialnej w Mauzoleum Walki i M\u0119cze\u0144stwa 7 grudnia 2007, z udzia\u0142em dyrektora Muzeum Niepodleg\u0142o\u015bci \u00a0Andrzeja Stawarza, kierowniczki Muzeum Wi\u0119zienia Pawiak Magdaleny Woltanowskiej i by\u0142ych wi\u0119\u017ani\u00f3w Pawiaka i Szucha.<\/p>\n<p style=\"text-align: center;\"><strong><!-- default-view.php -->\n<div\n\tclass=\"ngg-galleryoverview default-view  ngg-ajax-pagination-none\"\n\tid=\"ngg-gallery-99cd70e25d32e81fa6f83ec0971f6592-1\">\n\n\t\t<!-- Thumbnails -->\n\t\t\t\t<div id=\"ngg-image-0\" class=\"ngg-gallery-thumbnail-box \" >\n\t\t\t\t        <div class=\"ngg-gallery-thumbnail\">\n            <a href=\"http:\/\/archiwum.muzeum-niepodleglosci.pl\/mauzoleum_szucha\/wp-content\/gallery\/rok_2007\/1-dsc_2300.jpg\"\n               title=\"Uroczysto\u015b\u0107 otwarcia nowej ekspozycji w Mauzoleum Walki i M\u0119cze\u0144stwa. Przemawia dyr. Muzeum Niepodleg\u0142o\u015bci dr Andrzej Stawarz, 07.12.2007. fot. T. Stani\"\n               data-src=\"http:\/\/archiwum.muzeum-niepodleglosci.pl\/mauzoleum_szucha\/wp-content\/gallery\/rok_2007\/1-dsc_2300.jpg\"\n               data-thumbnail=\"http:\/\/archiwum.muzeum-niepodleglosci.pl\/mauzoleum_szucha\/wp-content\/gallery\/rok_2007\/thumbs\/thumbs_1-dsc_2300.jpg\"\n               data-image-id=\"259\"\n               data-title=\"Uroczysto\u015b\u0107 otwarcia nowej ekspozycji w Mauzoleum Walki i M\u0119cze\u0144stwa. Przemawia dyr. Muzeum Niepodleg\u0142o\u015bci dr Andrzej Stawarz, 07.12.2007. fot. T. Stani\"\n               data-description=\"Uroczysto\u015b\u0107 otwarcia nowej ekspozycji w Mauzoleum Walki i M\u0119cze\u0144stwa. Przemawia dyr. Muzeum Niepodleg\u0142o\u015bci dr Andrzej Stawarz, 07.12.2007. fot. T. Stani\"\n               data-image-slug=\"uroczystosc-otwarcia-nowej-ekspozycji-w-mauzoleum-walki-i-meczenstwa-przemawia-dyr-muzeum-niepodleglosci-dr-andrzej-stawarz-07-12-2007-fot-t-stani\"\n               class=\"shutterset_99cd70e25d32e81fa6f83ec0971f6592\">\n                <img\n                    title=\"Uroczysto\u015b\u0107 otwarcia nowej ekspozycji w Mauzoleum Walki i M\u0119cze\u0144stwa. Przemawia dyr. Muzeum Niepodleg\u0142o\u015bci dr Andrzej Stawarz, 07.12.2007. fot. T. Stani\"\n                    alt=\"Uroczysto\u015b\u0107 otwarcia nowej ekspozycji w Mauzoleum Walki i M\u0119cze\u0144stwa. Przemawia dyr. Muzeum Niepodleg\u0142o\u015bci dr Andrzej Stawarz, 07.12.2007. fot. T. Stani\"\n                    src=\"http:\/\/archiwum.muzeum-niepodleglosci.pl\/mauzoleum_szucha\/wp-content\/gallery\/rok_2007\/thumbs\/thumbs_1-dsc_2300.jpg\"\n                    width=\"100\"\n                    height=\"75\"\n                    style=\"max-width:100%;\"\n                \/>\n            <\/a>\n        <\/div>\n\t\t\t\t\t\t\t<\/div> \n\t\t\t\n\t\t\t\t<div id=\"ngg-image-1\" class=\"ngg-gallery-thumbnail-box \" >\n\t\t\t\t        <div class=\"ngg-gallery-thumbnail\">\n            <a href=\"http:\/\/archiwum.muzeum-niepodleglosci.pl\/mauzoleum_szucha\/wp-content\/gallery\/rok_2007\/2-dsc_2317.jpg\"\n               title=\"Uroczysto\u015b\u0107 otwarcia nowej ekspozycji w Mauzoleum Walki i M\u0119cze\u0144stwa. Przemawia kierownik Muzeum Wi\u0119zienia Pawiak Magdalena Woltanowska, 07.12.2007. fot. T. Stani\"\n               data-src=\"http:\/\/archiwum.muzeum-niepodleglosci.pl\/mauzoleum_szucha\/wp-content\/gallery\/rok_2007\/2-dsc_2317.jpg\"\n               data-thumbnail=\"http:\/\/archiwum.muzeum-niepodleglosci.pl\/mauzoleum_szucha\/wp-content\/gallery\/rok_2007\/thumbs\/thumbs_2-dsc_2317.jpg\"\n               data-image-id=\"260\"\n               data-title=\"Uroczysto\u015b\u0107 otwarcia nowej ekspozycji w Mauzoleum Walki i M\u0119cze\u0144stwa. Przemawia kierownik Muzeum Wi\u0119zienia Pawiak Magdalena Woltanowska, 07.12.2007. fot. T. Stani\"\n               data-description=\"Uroczysto\u015b\u0107 otwarcia nowej ekspozycji w Mauzoleum Walki i M\u0119cze\u0144stwa. Przemawia kierownik Muzeum Wi\u0119zienia Pawiak Magdalena Woltanowska, 07.12.2007. fot. T. Stani\"\n               data-image-slug=\"uroczystosc-otwarcia-nowej-ekspozycji-w-mauzoleum-walki-i-meczenstwa-przemawia-kierownik-muzeum-wiezienia-pawiak-magdalena-woltanowska-07-12-2007-fot-t-stani\"\n               class=\"shutterset_99cd70e25d32e81fa6f83ec0971f6592\">\n                <img\n                    title=\"Uroczysto\u015b\u0107 otwarcia nowej ekspozycji w Mauzoleum Walki i M\u0119cze\u0144stwa. Przemawia kierownik Muzeum Wi\u0119zienia Pawiak Magdalena Woltanowska, 07.12.2007. fot. T. Stani\"\n                    alt=\"Uroczysto\u015b\u0107 otwarcia nowej ekspozycji w Mauzoleum Walki i M\u0119cze\u0144stwa. Przemawia kierownik Muzeum Wi\u0119zienia Pawiak Magdalena Woltanowska, 07.12.2007. fot. T. Stani\"\n                    src=\"http:\/\/archiwum.muzeum-niepodleglosci.pl\/mauzoleum_szucha\/wp-content\/gallery\/rok_2007\/thumbs\/thumbs_2-dsc_2317.jpg\"\n                    width=\"100\"\n                    height=\"75\"\n                    style=\"max-width:100%;\"\n                \/>\n            <\/a>\n        <\/div>\n\t\t\t\t\t\t\t<\/div> \n\t\t\t\n\t\t\t\t<div id=\"ngg-image-2\" class=\"ngg-gallery-thumbnail-box \" >\n\t\t\t\t        <div class=\"ngg-gallery-thumbnail\">\n            <a href=\"http:\/\/archiwum.muzeum-niepodleglosci.pl\/mauzoleum_szucha\/wp-content\/gallery\/rok_2007\/3-dsc_2327.jpg\"\n               title=\"Uroczysto\u015b\u0107 otwarcia nowej ekspozycji w Mauzoleum Walki i M\u0119cze\u0144stwa. Na pierwszym planie autorki projektu plastycznego \u017baneta Govenlock, Violetta Dami\u0119cka. 07.12.2007. fot. T. Stani\"\n               data-src=\"http:\/\/archiwum.muzeum-niepodleglosci.pl\/mauzoleum_szucha\/wp-content\/gallery\/rok_2007\/3-dsc_2327.jpg\"\n               data-thumbnail=\"http:\/\/archiwum.muzeum-niepodleglosci.pl\/mauzoleum_szucha\/wp-content\/gallery\/rok_2007\/thumbs\/thumbs_3-dsc_2327.jpg\"\n               data-image-id=\"261\"\n               data-title=\"Uroczysto\u015b\u0107 otwarcia nowej ekspozycji w Mauzoleum Walki i M\u0119cze\u0144stwa. Na pierwszym planie autorki projektu plastycznego \u017baneta Govenlock, Violetta Dami\u0119cka. 07.12.2007. fot. T. Stani\"\n               data-description=\"Uroczysto\u015b\u0107 otwarcia nowej ekspozycji w Mauzoleum Walki i M\u0119cze\u0144stwa. Na pierwszym planie autorki projektu plastycznego \u017baneta Govenlock, Violetta Dami\u0119cka. 07.12.2007. fot. T. Stani\"\n               data-image-slug=\"uroczystosc-otwarcia-nowej-ekspozycji-w-mauzoleum-walki-i-meczenstwa-na-pierwszym-planie-autorki-projektu-plastycznego-zaneta-govenlock-violetta-damiecka-07-12-2007-fot-t-stani\"\n               class=\"shutterset_99cd70e25d32e81fa6f83ec0971f6592\">\n                <img\n                    title=\"Uroczysto\u015b\u0107 otwarcia nowej ekspozycji w Mauzoleum Walki i M\u0119cze\u0144stwa. Na pierwszym planie autorki projektu plastycznego \u017baneta Govenlock, Violetta Dami\u0119cka. 07.12.2007. fot. T. Stani\"\n                    alt=\"Uroczysto\u015b\u0107 otwarcia nowej ekspozycji w Mauzoleum Walki i M\u0119cze\u0144stwa. Na pierwszym planie autorki projektu plastycznego \u017baneta Govenlock, Violetta Dami\u0119cka. 07.12.2007. fot. T. Stani\"\n                    src=\"http:\/\/archiwum.muzeum-niepodleglosci.pl\/mauzoleum_szucha\/wp-content\/gallery\/rok_2007\/thumbs\/thumbs_3-dsc_2327.jpg\"\n                    width=\"100\"\n                    height=\"75\"\n                    style=\"max-width:100%;\"\n                \/>\n            <\/a>\n        <\/div>\n\t\t\t\t\t\t\t<\/div> \n\t\t\t\n\t\t\t\t<div id=\"ngg-image-3\" class=\"ngg-gallery-thumbnail-box \" >\n\t\t\t\t        <div class=\"ngg-gallery-thumbnail\">\n            <a href=\"http:\/\/archiwum.muzeum-niepodleglosci.pl\/mauzoleum_szucha\/wp-content\/gallery\/rok_2007\/4-dsc_2296.jpg\"\n               title=\"Uroczysto\u015b\u0107 otwarcia nowej ekspozycji w Mauzoleum Walki i M\u0119cze\u0144stwa. Po ekspozycji multimedialnej oprowadzaj\u0105 autorki wystawy Magdalena Wolanowska i Joanna Gierzy\u0144ska. 07.12.2007. fot. T. Stani\"\n               data-src=\"http:\/\/archiwum.muzeum-niepodleglosci.pl\/mauzoleum_szucha\/wp-content\/gallery\/rok_2007\/4-dsc_2296.jpg\"\n               data-thumbnail=\"http:\/\/archiwum.muzeum-niepodleglosci.pl\/mauzoleum_szucha\/wp-content\/gallery\/rok_2007\/thumbs\/thumbs_4-dsc_2296.jpg\"\n               data-image-id=\"262\"\n               data-title=\"Uroczysto\u015b\u0107 otwarcia nowej ekspozycji w Mauzoleum Walki i M\u0119cze\u0144stwa. Po ekspozycji multimedialnej oprowadzaj\u0105 autorki wystawy Magdalena Wolanowska i Joanna Gierzy\u0144ska. 07.12.2007. fot. T. Stani\"\n               data-description=\"Uroczysto\u015b\u0107 otwarcia nowej ekspozycji w Mauzoleum Walki i M\u0119cze\u0144stwa. Po ekspozycji multimedialnej oprowadzaj\u0105 autorki wystawy Magdalena Wolanowska i Joanna Gierzy\u0144ska. 07.12.2007. fot. T. Stani\"\n               data-image-slug=\"uroczystosc-otwarcia-nowej-ekspozycji-w-mauzoleum-walki-i-meczenstwa-po-ekspozycji-multimedialnej-oprowadzaja-autorki-wystawy-magdalena-wolanowska-i-joanna-gierzynska-07-12-2007-fot-t-stani\"\n               class=\"shutterset_99cd70e25d32e81fa6f83ec0971f6592\">\n                <img\n                    title=\"Uroczysto\u015b\u0107 otwarcia nowej ekspozycji w Mauzoleum Walki i M\u0119cze\u0144stwa. Po ekspozycji multimedialnej oprowadzaj\u0105 autorki wystawy Magdalena Wolanowska i Joanna Gierzy\u0144ska. 07.12.2007. fot. T. Stani\"\n                    alt=\"Uroczysto\u015b\u0107 otwarcia nowej ekspozycji w Mauzoleum Walki i M\u0119cze\u0144stwa. Po ekspozycji multimedialnej oprowadzaj\u0105 autorki wystawy Magdalena Wolanowska i Joanna Gierzy\u0144ska. 07.12.2007. fot. T. Stani\"\n                    src=\"http:\/\/archiwum.muzeum-niepodleglosci.pl\/mauzoleum_szucha\/wp-content\/gallery\/rok_2007\/thumbs\/thumbs_4-dsc_2296.jpg\"\n                    width=\"100\"\n                    height=\"75\"\n                    style=\"max-width:100%;\"\n                \/>\n            <\/a>\n        <\/div>\n\t\t\t\t\t\t\t<\/div> \n\t\t\t\n\t\t\t\t<div id=\"ngg-image-4\" class=\"ngg-gallery-thumbnail-box \" >\n\t\t\t\t        <div class=\"ngg-gallery-thumbnail\">\n            <a href=\"http:\/\/archiwum.muzeum-niepodleglosci.pl\/mauzoleum_szucha\/wp-content\/gallery\/rok_2007\/5-dsc_2437.jpg\"\n               title=\"Uroczysto\u015b\u0107 otwarcia nowej ekspozycji w Mauzoleum Walki i M\u0119cze\u0144stwa. Wieniec od by\u0142ych wi\u0119\u017ani\u00f3w. 07.12.2007. fot. T. Stani\"\n               data-src=\"http:\/\/archiwum.muzeum-niepodleglosci.pl\/mauzoleum_szucha\/wp-content\/gallery\/rok_2007\/5-dsc_2437.jpg\"\n               data-thumbnail=\"http:\/\/archiwum.muzeum-niepodleglosci.pl\/mauzoleum_szucha\/wp-content\/gallery\/rok_2007\/thumbs\/thumbs_5-dsc_2437.jpg\"\n               data-image-id=\"263\"\n               data-title=\"5-dsc_2437Uroczysto\u015b\u0107 otwarcia nowej ekspozycji w Mauzoleum Walki i M\u0119cze\u0144stwa. Wieniec od by\u0142ych wi\u0119\u017ani\u00f3w. 07.12.2007. fot. T. Stani\"\n               data-description=\"Uroczysto\u015b\u0107 otwarcia nowej ekspozycji w Mauzoleum Walki i M\u0119cze\u0144stwa. Wieniec od by\u0142ych wi\u0119\u017ani\u00f3w. 07.12.2007. fot. T. Stani\"\n               data-image-slug=\"5-dsc_2437uroczystosc-otwarcia-nowej-ekspozycji-w-mauzoleum-walki-i-meczenstwa-wieniec-od-bylych-wiezniow-07-12-2007-fot-t-stani\"\n               class=\"shutterset_99cd70e25d32e81fa6f83ec0971f6592\">\n                <img\n                    title=\"5-dsc_2437Uroczysto\u015b\u0107 otwarcia nowej ekspozycji w Mauzoleum Walki i M\u0119cze\u0144stwa. Wieniec od by\u0142ych wi\u0119\u017ani\u00f3w. 07.12.2007. fot. T. Stani\"\n                    alt=\"5-dsc_2437Uroczysto\u015b\u0107 otwarcia nowej ekspozycji w Mauzoleum Walki i M\u0119cze\u0144stwa. Wieniec od by\u0142ych wi\u0119\u017ani\u00f3w. 07.12.2007. fot. T. Stani\"\n                    src=\"http:\/\/archiwum.muzeum-niepodleglosci.pl\/mauzoleum_szucha\/wp-content\/gallery\/rok_2007\/thumbs\/thumbs_5-dsc_2437.jpg\"\n                    width=\"100\"\n                    height=\"75\"\n                    style=\"max-width:100%;\"\n                \/>\n            <\/a>\n        <\/div>\n\t\t\t\t\t\t\t<\/div> \n\t\t\t\n\t\n\t<br style=\"clear: both\" \/>\n\n\t\t<div class=\"slideshowlink\">\n        <a href='http:\/\/archiwum.muzeum-niepodleglosci.pl\/mauzoleum_szucha\/wydarzenia\/rok-2007\/nggallery\/slideshow'>[Pokaz slajd\u00f3w]<\/a>\n\t\t\n\t<\/div>\n\t\n\t\t<!-- Pagination -->\n\t<div class='ngg-clear'><\/div>\t<\/div>\n<\/strong><\/p>\n","protected":false},"excerpt":{"rendered":"<p>Otwarcie nowej ekspozycji multimedialnej 2007 Uroczysto\u015bci otwarcia nowej sta\u0142ej ekspozycji multimedialnej w Mauzoleum Walki i M\u0119cze\u0144stwa 7 grudnia 2007, z udzia\u0142em dyrektora Muzeum Niepodleg\u0142o\u015bci \u00a0Andrzeja Stawarza, kierowniczki Muzeum Wi\u0119zienia Pawiak Magdaleny Woltanowskiej i by\u0142ych wi\u0119\u017ani\u00f3w Pawiaka i Szucha.<\/p>\n","protected":false},"author":1,"featured_media":0,"parent":44,"menu_order":0,"comment_status":"open","ping_status":"open","template":"","meta":{"ngg_post_thumbnail":0},"aioseo_notices":[],"_links":{"self":[{"href":"http:\/\/archiwum.muzeum-niepodleglosci.pl\/mauzoleum_szucha\/wp-json\/wp\/v2\/pages\/270"}],"collection":[{"href":"http:\/\/archiwum.muzeum-niepodleglosci.pl\/mauzoleum_szucha\/wp-json\/wp\/v2\/pages"}],"about":[{"href":"http:\/\/archiwum.muzeum-niepodleglosci.pl\/mauzoleum_szucha\/wp-json\/wp\/v2\/types\/page"}],"author":[{"embeddable":true,"href":"http:\/\/archiwum.muzeum-niepodleglosci.pl\/mauzoleum_szucha\/wp-json\/wp\/v2\/users\/1"}],"replies":[{"embeddable":true,"href":"http:\/\/archiwum.muzeum-niepodleglosci.pl\/mauzoleum_szucha\/wp-json\/wp\/v2\/comments?post=270"}],"version-history":[{"count":10,"href":"http:\/\/archiwum.muzeum-niepodleglosci.pl\/mauzoleum_szucha\/wp-json\/wp\/v2\/pages\/270\/revisions"}],"predecessor-version":[{"id":278,"href":"http:\/\/archiwum.muzeum-niepodleglosci.pl\/mauzoleum_szucha\/wp-json\/wp\/v2\/pages\/270\/revisions\/278"}],"up":[{"embeddable":true,"href":"http:\/\/archiwum.muzeum-niepodleglosci.pl\/mauzoleum_szucha\/wp-json\/wp\/v2\/pages\/44"}],"wp:attachment":[{"href":"http:\/\/archiwum.muzeum-niepodleglosci.pl\/mauzoleum_szucha\/wp-json\/wp\/v2\/media?parent=270"}],"curies":[{"name":"wp","href":"https:\/\/api.w.org\/{rel}","templated":true}]}}